a = -101 + 122. What is the greatest common divisor of u and a?
3
Let b(u) = -10*u**3 - 1. Suppose 5*d = 1 - 6, 5*x - 2*d - 7 = 0. Suppose 4 = -5*c - x. Let r be b(c). Calculate the highest common factor of 36 and r.
9
Let w(p) = -201*p**3 - p - 2. Let u be ((-14)/42)/((-1)/(-3)). Let b be w(u). Calculate the highest common factor of b and 40.
40
Let u be ((-9)/6 - -1)*-10. Suppose -4*z = -9*z - u*y + 15, 0 = 5*y - 5. Suppose -z*s + 7*s = 15. What is the highest common factor of s and 24?
3
Let h(c) = c**3 + 8*c**2 + 8*c + 8. Let d be h(-7). Let r(z) = 2*z + 2*z - 7*z - 4 + d. Let l be r(-5). What is the greatest common divisor of 12 and l?
12
Suppose 30 = 2*j - 160. What is the greatest common factor of 5 and j?
5
Suppose 2*l = -5*b + 3848, -4*b + 2306 = -b + 4*l. Calculate the greatest common factor of b and 22.
22
Let z = -637 + 1105. Calculate the greatest common factor of 52 and z.
52
Suppose -v - 3*s + 23 = -4, 4*s - 30 = -v. Let l be (-1)/((-3)/6*1). What is the greatest common divisor of v and l?
2
Let j = 227 - 205. Calculate the greatest common divisor of j and 770.
22
Let z(b) = b**2 + 4*b - 42. Let j(c) = -22*c + 7. Let t be j(1). Let o be z(t). What is the highest common factor of o and 82?
41
Suppose 5*g - 998 - 996 = -2*u, 4*g = -2*u + 1594. Calculate the greatest common divisor of g and 16.
16
Suppose -5*a + 151 = h, 2*a + 576 + 206 = 5*h. What is the greatest common factor of 117 and h?
39
Let s be ((-9)/6*2)/(-1). Let x = s + 0. Suppose -x*b - 3*u = -0*u - 54, -3*b - u = -44. Calculate the greatest common divisor of b and 117.
13
Suppose 3*c + 13 = 5*r + 60, 4*r + 4 = c. What is the highest common divisor of c and 78?
6
Let x = 166 - 162. Suppose -c - 64 = -x*u - 2*c, 4*u - 64 = 4*c. Calculate the greatest common divisor of 24 and u.
8
Let w = 221 + -194. Let y(g) = 87*g + 7. Let a be y(6). Suppose -200 = -3*c + a. Calculate the highest common factor of c and w.
27
Suppose -18 = -5*k + 152. Suppose -109 = -b - 3*u, 0*b - 4*u - 602 = -5*b. Suppose 4*g = b - k. Calculate the greatest common factor of g and 14.
7
Let f = 56 + -29. Let b = f - 26. What is the greatest common divisor of 9 and b?
1
Let l be ((-102)/36)/17 + (-26)/(-12). Suppose 4*p - 138 = 5*g, 0*g + l*g - 60 = -2*p. What is the highest common divisor of 16 and p?
16
Let x(s) = -4*s - 2. Let u be x(-2). Let n(l) = -2*l**2 + 51*l + 5. Let v be n(25). Let b be 71/6 - (-5)/v. What is the highest common factor of u and b?
6
Suppose 3*g + 53 = c - 34, 4*c - 384 = 3*g. What is the highest common factor of c and 22?
11
Suppose -2*x - x = 15, -2*n + 35 = -5*x. Suppose -b - 32 = -2*u + b, 2*b = -n*u + 45. What is the highest common factor of 11 and u?
11
Let z = -94 - -178. Calculate the highest common divisor of 21 and z.
21
Suppose 0 = 5*k + 4*o - 210, 0 = -5*k + 4*o + 251 - 1. Calculate the greatest common divisor of 506 and k.
46
Let g(c) = c**3 + 11*c**2 - 2*c + 5. Let o(a) = a**3 - a**2 + 1. Let d(h) = -g(h) - 2*o(h). Let m be d(-4). Calculate the greatest common divisor of 44 and m.
11
Let y = 330 + 368. Suppose -h = 2, -2*g + y = 3*g + h. Calculate the greatest common factor of g and 14.
14
Suppose 0 = 3*l - 167 - 64. Let n = l + -26. Suppose -n = -3*b + 27. Calculate the highest common divisor of 182 and b.
26
Suppose -783 = r - 6*r - 4*m, -r - 4*m = -163. Let l = r + 20. What is the highest common factor of 25 and l?
25
Suppose -5*s + 8*s - 12 = 0. Suppose 85 + 139 = s*o. What is the highest common factor of 84 and o?
28
Let b be -6*(-4 + (-110)/15). What is the greatest common factor of b and 51?
17
Suppose -29 - 46 = -5*c. Suppose 54 - 37 = i - 2*a, -5*i - 2*a + 73 = 0. Calculate the highest common divisor of i and c.
15
Suppose -t - 5*l + l = 2, 1 = -l. Suppose -y - c = -t*y + 1, -5*c = 2*y - 23. Suppose 0 = 3*h - 9 - 15. Calculate the greatest common factor of y and h.
4
Let k = -501 + 630. Calculate the greatest common divisor of k and 215.
43
Let r be (-420)/315 - (394/(-3) + 0). What is the highest common divisor of 65 and r?
65
Suppose -3*s + 2*c = -16, c + 27 = 5*s - 2*c. Suppose -2*b = 9*b + 5*b. Suppose -6*m + 2*m + 192 = b. What is the greatest common factor of s and m?
6
Suppose 586 = 4*b - 5*r, 0 = -38*r + 43*r + 10. Calculate the greatest common factor of 528 and b.
48
Let k = 25 - 21. Suppose -12 = t + k*f - 121, 5*t + 4*f - 577 = 0. Let j be (-1 - 2)*13/(-3). What is the greatest common factor of t and j?
13
Let x be (-9218)/(-4) - (7/(-1))/(-14). Calculate the greatest common factor of x and 8.
8
Let f = 2513 + -2479. Calculate the greatest common factor of 2414 and f.
34
Let t = -41 - -78. Suppose -13 = 2*x - t. Calculate the greatest common divisor of 18 and x.
6
Suppose 0 = -2*o - 2*o - 12. Let c = o - -6. Suppose -4*n = 3*p - 67, -3*n + c*p - p + 29 = 0. What is the greatest common factor of 104 and n?
13
Let m(v) = -24*v**2 - 2*v + 2. Let g(i) = i - 1. Let k(b) = -g(b) - m(b). Let r be k(1). Calculate the greatest common factor of r and 12.
12
Suppose -2*r = -6*r - 112. Let z = 35 - r. Let h = z + -44. What is the highest common divisor of 133 and h?
19
Suppose 2*g + 5*b + 5 = -7, b + 20 = 4*g. Calculate the greatest common factor of g and 31.
1
Let d(y) be the second derivative of -y**5/20 + 7*y**4/4 + y**3/6 + 11*y**2/2 - 25*y. Let w be d(21). Calculate the greatest common divisor of w and 16.
16
Let b be -2*(-3 + 2) + (-284)/(-1). Calculate the highest common factor of 44 and b.
22
Let h = 1207 - 469. Calculate the greatest common factor of 82 and h.
82
Let l(k) = k + 16. Let y be l(-5). Suppose -60 = -y*c + 8*c. Calculate the highest common factor of 40 and c.
20
Let q(g) = -16*g + 15. Let h be q(0). What is the highest common divisor of 20 and h?
5
Suppose 3*w + 4*h - 440 = -2*w, 415 = 5*w - h. What is the highest common factor of 60 and w?
12
Let n = 4 - 2. Suppose 20 = 2*u + m - 12, -34 = -n*u - 2*m. What is the greatest common divisor of 15 and u?
15
Suppose 3*r - 3820 = -4*i, -80*r + 78*r = -3*i - 2558. Calculate the highest common factor of 58 and r.
58
Suppose 316 = -283*r + 287*r. What is the highest common divisor of 869 and r?
79
Let o be (-1)/3 + 3224/(-39). Let s be 0 - -282*(-8)/12. Let u = o - s. What is the greatest common divisor of 15 and u?
15
Let j = -22 + 109. Let t = -81 + j. What is the highest common divisor of t and 2?
2
Let o be 4*((-12)/(-8) + -1). Suppose 0 = -o*q + 5*q - 168. Let c = q + -26. What is the greatest common factor of c and 6?
6
Let w(c) = 24*c. Let k be w(-1). Let n = k - -88. Suppose 60*v = 56*v + 64. Calculate the highest common factor of v and n.
16
Let o be -4 - -7 - 0*(0 - 1). Let l be (5 - 7) + 1 + o/1. Calculate the greatest common factor of l and 18.
2
Suppose 4*o + 2 = -0*g + 3*g, 2*g + 1 = 5*o. Suppose -b = 0, 7*r - g*b - 25 = 2*r. Suppose -32 = -r*a + 38. Calculate the highest common divisor of 14 and a.
14
Let w(d) = d**3 + 7*d**2 + d + 9. Let j be w(-7). Suppose 0 = j*r - 0*r. Suppose 2*l - 39 + 11 = r. Calculate the greatest common factor of 112 and l.
14
Let k(f) = 3*f - 16. Let y be k(6). Suppose -2*h = y - 14. What is the greatest common factor of 6 and h?
6
Let u be 8 + -3 + 273/21. Calculate the highest common factor of u and 162.
18
Suppose o + v = -12 + 73, -3*o + 5*v = -175. Let q(p) = -7 - 18*p + o*p + 5. Let j be q(1). What is the greatest common divisor of j and 16?
8
Suppose v - 4*v = -336. Suppose -5*x + 13*x = v. What is the highest common divisor of 28 and x?
14
Let u be (2/(-14) + (-748)/(-385))*75. Calculate the highest common divisor of 60 and u.
15
Suppose 3*d = 5*g - 315, -2*d = -0*g - g + 63. Let z = g + -34. What is the greatest common factor of z and 261?
29
Let g(k) = 8*k - 148. Let f be g(20). Let p be (-6)/(-27) - (-320)/18. Calculate the highest common factor of f and p.
6
Let f(u) = 9*u + 7. Let o be f(6). Let b = -32 + o. Let h = 327 + -211. What is the highest common factor of b and h?
29
Let m(w) = -175*w - 97. Let y be m(-1). Calculate the greatest common factor of y and 338.
26
Let k(x) = -x**3 + 7*x**2 - 6*x - 6. Let z be k(5). Let c be (-21)/z*(-64)/6. What is the greatest common divisor of 40 and c?
8
Suppose t = -t + s + 86, 2*s = -t + 53. Let a = -19 + 52. Let v = -15 + a. Calculate the highest common factor of t and v.
9
Let h = 21 - 7. Let